{"id":16,"date":"2023-04-24T21:58:05","date_gmt":"2023-04-24T19:58:05","guid":{"rendered":"https:\/\/webdrift.org.ntnu.no\/wordpress\/?page_id=16"},"modified":"2023-04-24T21:58:05","modified_gmt":"2023-04-24T19:58:05","slug":"om-oss","status":"publish","type":"page","link":"https:\/\/webdrift.org.ntnu.no\/wordpress\/om-oss\/","title":{"rendered":"Om oss"},"content":{"rendered":"\n<p>Du kan v\u00e6re en kunstner som \u00f8nsker \u00e5 introdusere deg selv og ditt arbeid her, eller kanskje du er et selskap med et m\u00e5l \u00e5 beskrive.<\/p>\n","protected":false},"excerpt":{"rendered":"<p>Du kan v\u00e6re en kunstner som \u00f8nsker \u00e5 introdusere deg selv og ditt arbeid her, eller kanskje du er et selskap med et m\u00e5l \u00e5 beskrive.<\/p>\n","protected":false},"author":1,"featured_media":0,"parent":0,"menu_order":0,"comment_status":"closed","ping_status":"closed","template":"","meta":{"activitypub_content_warning":"","activitypub_content_visibility":"","activitypub_max_image_attachments":4,"activitypub_interaction_policy_quote":"anyone","activitypub_status":"","footnotes":""},"class_list":["post-16","page","type-page","status-publish","hentry"],"_links":{"self":[{"href":"https:\/\/webdrift.org.ntnu.no\/wordpress\/wp-json\/wp\/v2\/pages\/16","targetHints":{"allow":["GET"]}}],"collection":[{"href":"https:\/\/webdrift.org.ntnu.no\/wordpress\/wp-json\/wp\/v2\/pages"}],"about":[{"href":"https:\/\/webdrift.org.ntnu.no\/wordpress\/wp-json\/wp\/v2\/types\/page"}],"author":[{"embeddable":true,"href":"https:\/\/webdrift.org.ntnu.no\/wordpress\/wp-json\/wp\/v2\/users\/1"}],"replies":[{"embeddable":true,"href":"https:\/\/webdrift.org.ntnu.no\/wordpress\/wp-json\/wp\/v2\/comments?post=16"}],"version-history":[{"count":1,"href":"https:\/\/webdrift.org.ntnu.no\/wordpress\/wp-json\/wp\/v2\/pages\/16\/revisions"}],"predecessor-version":[{"id":21,"href":"https:\/\/webdrift.org.ntnu.no\/wordpress\/wp-json\/wp\/v2\/pages\/16\/revisions\/21"}],"wp:attachment":[{"href":"https:\/\/webdrift.org.ntnu.no\/wordpress\/wp-json\/wp\/v2\/media?parent=16"}],"curies":[{"name":"wp","href":"https:\/\/api.w.org\/{rel}","templated":true}]}}